the remainder when 843 is divided by 119.
10
What is the remainder when 280 is divided by 69?
4
Calculate the remainder when 93 is divided by 2.
1
What is the remainder when 139 is divided by 20?
19
What is the remainder when 180 is divided by 26?
24
Calculate the remainder when 1274 is divided by 58.
56
Calculate the remainder when 1632 is divided by 43.
41
What is the remainder when 12329 is divided by 6?
5
What is the remainder when 348 is divided by 121?
106
What is the remainder when 2137 is divided by 85?
12
What is the remainder when 146 is divided by 7?
6
What is the remainder when 58 is divided by 44?
14
Calculate the remainder when 222 is divided by 118.
104
What is the remainder when 7 is divided by 1?
0
Calculate the remainder when 153 is divided by 18.
9
Calculate the remainder when 140 is divided by 7.
0
What is the remainder when 371 is divided by 119?
14
What is the remainder when 816 is divided by 166?
152
Calculate the remainder when 568 is divided by 17.
7
Calculate the remainder when 776 is divided by 34.
28
What is the remainder when 2348 is divided by 48?
44
What is the remainder when 4220 is divided by 527?
4
Calculate the remainder when 114 is divided by 12.
6
What is the remainder when 339 is divided by 10?
9
What is the remainder when 106 is divided by 11?
7
What is the remainder when 429 is divided by 49?
37
What is the remainder when 1081 is divided by 482?
117
Calculate the remainder when 364 is divided by 47.
35
Calculate the remainder when 2402 is divided by 172.
166
What is the remainder when 4368 is divided by 273?
0
What is the remainder when 232 is divided by 232?
0
Calculate the remainder when 94 is divided by 79.
15
Calculate the remainder when 11417 is divided by 3.
2
What is the remainder when 217 is divided by 10?
7
Calculate the remainder when 493 is divided by 62.
59
What is the remainder when 3362 is divided by 281?
271
What is the remainder when 44 is divided by 18?
8
What is the remainder when 1272 is divided by 51?
48
What is the remainder when 621 is divided by 7?
5
Calculate the remainder when 895 is divided by 177.
10
Calculate the remainder when 177 is divided by 50.
27
Calculate the remainder when 13374 is divided by 91.
88
Calculate the remainder when 94 is divided by 15.
4
Calculate the remainder when 42663 is divided by 26.
23
Calculate the remainder when 308 is divided by 62.
60
Calculate the remainder when 390 is divided by 23.
22
Calculate the remainder when 3198 is divided by 128.
126
What is the remainder when 2310 is divided by 2?
0
Calculate the remainder when 616 is divided by 215.
186
What is the remainder when 348 is divided by 119?
110
What is the remainder when 59 is divided by 3?
2
Calculate the remainder when 2047 is divided by 108.
103
What is the remainder when 7845 is divided by 131?
116
Calculate the remainder when 3248 is divided by 45.
8
Calculate the remainder when 889 is divided by 178.
177
What is the remainder when 49 is divided by 18?
13
Calculate the remainder when 2042 is divided by 93.
89
What is the remainder when 724 is divided by 361?
2
What is the remainder when 677 is divided by 18?
11
Calculate the remainder when 31684 is divided by 3.
1
What is the remainder when 6024 is divided by 23?
21
Calculate the remainder when 44 is divided by 5.
4
Calculate the remainder when 843 is divided by 13.
11
Calculate the remainder when 964 is divided by 162.
154
What is the remainder when 2051 is divided by 209?
170
What is the remainder when 2005 is divided by 249?
13
Calculate the remainder when 280 is divided by 42.
28
What is the remainder when 1354 is divided by 26?
2
Calculate the remainder when 27 is divided by 8.
3
Calculate the remainder when 59 is divided by 44.
15
Calculate the remainder when 542 is divided by 23.
13
What is the remainder when 3056 is divided by 762?
8
What is the remainder when 173 is divided by 11?
8
Calculate the remainder when 80 is divided by 30.
20
What is the remainder when 992 is divided by 196?
12
Calculate the remainder when 266 is divided by 135.
131
Calculate the remainder when 250 is divided by 50.
0
Calculate the remainder when 1177 is divided by 132.
121
Calculate the remainder when 1678 is divided by 84.
82
What is the remainder when 504 is divided by 11?
9
What is the remainder when 4790 is divided by 8?
6
Calculate the remainder when 246 is divided by 67.
45
Calculate the remainder when 1059 is divided by 211.
4
What is the remainder when 89 is divided by 26?
11
What is the remainder when 208 is divided by 15?
13
What is the remainder when 229 is divided by 198?
31
What is the remainder when 182 is divided by 91?
0
Calculate the remainder when 1119 is divided by 14.
13
What is the remainder when 61 is divided by 18?
7
Calculate the remainder when 338 is divided by 18.
14
Calculate the remainder when 149 is divided by 14.
9
Calculate the remainder when 92 is divided by 31.
30
What is the remainder when 1437 is divided by 8?
5
What is the remainder when 146 is divided by 3?
2
Calculate the remainder when 1212 is divided by 591.
30
Calculate the remainder when 443 is divided by 20.
3
Calculate the remainder when 489 is divided by 16.
9
Calculate the remainder when 104 is divided by 38.
28
What is the remainder when 707 is divided by 104?
83
What is the remainder when 540 is divided by 180?
0
What is the remainder when 4590 is divided by 25?
15
Calculate the remainder when 977 is divided by 485.
7
Calculate the remainder when 1136 is divided by 55.
36
What is the remainder when 175 is divided by 13?
6
What is the remainder when 289 is divided by 14?
9
Calculate the remainder when 922 is divided by 44.
42
Calculate the remainder when 1785 is divided by 149.
146
What is the remainder when 1309 is divided by 79?
45
What is the remainder when 211 is divided by 53?
52
What is the remainder when 350 is divided by 154?
42
What is the remainder when 2 is divided by 1?
0
What is the remainder when 89 is divided by 14?
5
What is the remainder when 109 is divided by 26?
5
Calculate the remainder when 799 is divided by 62.
55
What is the remainder when 320 is divided by 19?
16
Calculate the remainder when 2027 is divided by 252.
11
What is the remainder when 110 is divided by 100?
10
What is the remainder when 32 is divided by 7?
4
What is the remainder when 131 is divided by 51?
29
Calculate the remainder when 363 is divided by 26.
25
What is the remainder when 25 is divided by 23?
2
What is the remainder when 298 is divided by 18?
10
What is the remainder when 846 is divided by 16?
14
What is the remainder when 275 is divided by 52?
15
Calculate the remainder when 3525 is divided by 49.
46
Calculate the remainder when 178 is divided by 19.
7
What is the remainder when 44 is divided by 13?
5
Calculate the remainder when 227 is divided by 121.
106
Calculate the remainder when 2319 is divided by 2307.
12
What is the remainder when 659 is divided by 72?
11
Calculate the remainder when 151 is divided by 35.
11
What is the remainder when 82 is divided by 72?
10
Calculate the remainder when 180 is divided by 52.
24
What is the remainder when 472 is divided by 95?
92
Calculate the remainder when 114 is divided by 31.
21
What is the remainder when 2352 is divided by 112?
0
Calculate the remainder when 1305 is divided by 118.
7
Calculate the remainder when 359 is divided by 60.
59
Calculate the remainder when 799 is divided by 33.
7
What is the remainder when 288 is divided by 29?
27
Calculate the remainder when 18128 is divided by 259.
257
Calculate the remainder when 34541 is divided by 15.
11
Calculate the remainder when 130 is divided by 53.
24
Calculate the remainder when 28 is divided by 18.
10
Calculate the remainder when 404 is divided by 5.
4
Calculate the remainder when 50 is divided by 5.
0
Calculate the remainder when 297 is divided by 43.
39
Calculate the remainder when 259 is divided by 6.
1
Calculate the remainder when 321 is divided by 162.
159
Calculate the remainder when 243 is divided by 82.
79
What is the remainder when 2013 is divided by 13?
11
Calculate the remainder when 139 is divided by 78.
61
Calculate the remainder when 326 is divided by 303.
23
What is the remainder when 156 is divided by 140?
16
What is the remainder